the highest common factor of l and b?
2
Let b be -2*((-2)/4 - 1). Suppose -2*z + 4*v + 50 = 0, -b*z - 2*z - 4*v + 83 = 0. Suppose -2*a + 16 = -22. Calculate the highest common factor of a and z.
19
Let h = -129 + 199. Let x be 42/(-4)*8/12. Let j be (0 + 7)*(x - -9). What is the greatest common factor of h and j?
14
Suppose 3*s = 5*r - 3*r, 0 = 3*s - 5*r + 9. Suppose 7 = 4*z - 13. Suppose z*d - 4 = -3*f + 18, 0 = 2*d - 4. Calculate the highest common factor of s and f.
2
Suppose 2*v - 19 = -c + 22, 0 = -2*v + 3*c + 61. Calculate the highest common divisor of 115 and v.
23
Let c = 89 + 118. Suppose 0*r - 3*d - c = -4*r, 2*d = 5*r - 250. Let j be (-1)/(-5) + 29/5. What is the highest common divisor of j and r?
6
Suppose 0 = 4*b - 10 - 2. Let y be (0 - -3)/(b/13). Calculate the highest common factor of 13 and y.
13
Suppose w + 6*w - 28 = 0. Calculate the highest common divisor of 32 and w.
4
Let j be -2 + 12/(-4) - 4. Let o be j/27 + 122/6. What is the highest common factor of o and 20?
20
Suppose -8 - 42 = -5*v. Calculate the greatest common factor of v and 30.
10
Let i(z) = z**3 + 8*z**2 - 8*z + 11. Let s be i(-9). Let h(t) = 16 + 0 - s*t**3 + t**3. Let d be h(0). What is the highest common divisor of 16 and d?
16
Let k be 6/21 - 178/(-14). Suppose -15 - k = -2*q. Let l be ((-2)/(-3))/((-4)/(-420)). Calculate the greatest common factor of q and l.
14
Let q(s) = s + 3*s - 5*s + 10*s**2 + 2*s. Let d be q(-1). Calculate the greatest common factor of 36 and d.
9
Suppose w - 4*d + 10 = 0, -w - d = 3*d - 14. Let l be 2 - (-70)/2 - w. What is the greatest common divisor of l and 5?
5
Let a(i) = i**2 - 3*i + 12. Let t be a(-6). What is the greatest common divisor of 6 and t?
6
Let d = 31 - 18. Suppose -74 = -5*p - 3*x, 4*p + 2*x = -p + 71. What is the greatest common factor of p and d?
13
Let c = 3 - 0. Suppose -4 = -c*l + 2. Let w be l + 1/(1/30). What is the highest common factor of 4 and w?
4
Let x = -11 - -16. Suppose x*t = 15, m + 4*m - 34 = 2*t. What is the highest common divisor of 8 and m?
8
Let z be (-12)/42 + 214/14. Calculate the greatest common factor of 105 and z.
15
Suppose -119 = 5*k + 91. Let s = -242 - -156. Let m = k - s. Calculate the highest common factor of m and 4.
4
Let l(u) = -u**2 + 10*u - 6. Let r be l(4). What is the highest common factor of r and 198?
18
Suppose 10*s - 13 = 77. What is the highest common factor of s and 72?
9
Suppose 4*y + y = 10. Suppose -5*s + 5 = 3*r, -3*s - 5*r + 1 = -y*s. Let d be s + (25 - (1 + -1)). What is the greatest common divisor of d and 39?
13
Suppose 5*n - 2*c = -4*c + 2, 3*n + 6 = -3*c. Suppose x = n + 2. Suppose 4 = -w - 4*t, -5*t + 3*t - 8 = -w. Calculate the highest common factor of x and w.
4
Let l = -116 - -154. What is the highest common divisor of 38 and l?
38
Let s(c) = -10*c + 8. Let w be s(-8). Suppose 4*k + 6 = 50. Calculate the greatest common factor of k and w.
11
Let w(q) = -q + 5. Let y be w(6). Let a be y + (1 - 0) - -4. Calculate the greatest common factor of 4 and a.
4
Let z(g) = 7*g**3 + g**2 + 3*g - 1. Let l be z(2). Suppose -3 - 202 = -5*f. Let c = f - 28. What is the highest common factor of l and c?
13
Let z = -15 - -17. Suppose -q = 5*v - 111, 0 = z*q + q + 4*v - 366. Calculate the greatest common divisor of q and 14.
14
Let v = 4 + -2. Let a = 8 + v. Calculate the highest common divisor of 30 and a.
10
Let x(h) = -h**3 - 6*h**2. Let g be x(-6). Let t(k) = 0*k**2 - k - 1 + g*k + k**2. Let r be t(5). Calculate the highest common divisor of r and 19.
19
Suppose 10*n - 7*n = 69. What is the greatest common factor of n and 368?
23
Suppose -2*q - 3*q + 33 = -4*u, 25 = 3*q - 5*u. Let t be 104/q - (-2)/10. What is the highest common divisor of 14 and t?
7
Let w be -25*(0 + -4 + 3). What is the highest common divisor of w and 125?
25
Suppose -m = 4*m + 2*n - 44, -4*m + 30 = -n. What is the greatest common divisor of 56 and m?
8
Let f(p) = p. Let x be f(2). Suppose -2 = x*k - 12. Suppose j = -3*c + 11, -2*c = -4*c - 3*j - 2. Calculate the greatest common factor of c and k.
5
Let j(l) = -l**3 + 3*l**2 - 2*l + 2. Let f be j(2). Suppose -f*s - 163 = -4*h + 321, 0 = -h + 4*s + 128. Calculate the greatest common divisor of 48 and h.
24
Let h(b) be the third derivative of -1/60*b**5 + 0*b**4 + 0 - b**2 + 33/2*b**3 + 0*b. Let l be h(0). What is the highest common divisor of 9 and l?
9
Let b = 10 + -14. Let n be b/4 + 5*2. What is the highest common factor of 27 and n?
9
Let j(p) = -p - 3. Let l be j(-7). What is the highest common divisor of 20 and l?
4
Let q = 22 - 17. Let b be 1 + 13 - (-4 + q). What is the highest common divisor of 39 and b?
13
Suppose -4*a = 2 - 14. Let j be (a/(-6))/(2/(-8)). Let k be j/(-12) + 25/6. Calculate the greatest common factor of 32 and k.
4
Suppose 14 = 3*c - n, 5*c + 2*n - 22 = 4*n. Suppose 8 = w + 2. Let u be ((-14)/w)/((-1)/c). Calculate the greatest common divisor of u and 28.
14
Let q(c) = c**2 + 16*c + 12. Let g be q(-10). Let a = 68 + g. What is the greatest common factor of 8 and a?
4
Suppose -4*z + 7 = -13. Suppose -4*n + s - 5 = -6, 0 = -z*n + 3*s + 10. Let y = n + 7. What is the highest common divisor of y and 3?
3
Let o(h) = -4*h - 10. Let w be o(-7). What is the greatest common divisor of w and 2?
2
Suppose -11*f = -10*f - 132. Calculate the highest common divisor of 12 and f.
12
Let x = -3 - -5. Suppose -k - 2*a - 14 = -x*k, -5*a - 5 = 0. Let f = k - -2. Calculate the greatest common factor of f and 154.
14
Let a = 38 - 20. Calculate the greatest common divisor of 45 and a.
9
Suppose -2*p = -2*q - 3*p + 12, -5*q - 2*p = -29. What is the highest common factor of q and 40?
5
Let g = -26 - -32. Calculate the greatest common divisor of g and 12.
6
Suppose 60 = 2*k + 12. What is the highest common factor of k and 24?
24
Let t be 3 + -5 - (2 + -28). What is the highest common factor of 4 and t?
4
Let c = -123 + 283. Calculate the highest common divisor of 64 and c.
32
Let k(l) = 25*l - 2. Let t be k(2). Let a = 16 - 8. What is the greatest common factor of a and t?
8
Let o = -2 + -15. Let w = -2 - o. What is the greatest common divisor of w and 45?
15
Let w be 4/6 - (-2)/(-3). Suppose -c + 3*u + 1 = w, -c + u = c - 2. Calculate the greatest common divisor of c and 4.
1
Let b be 10 - (2 - (-8)/(-2)). Suppose 4*g - 188 = 244. Calculate the greatest common factor of g and b.
12
Let o = 215 - 143. What is the highest common divisor of o and 9?
9
Let s(y) = 15*y. Let v be s(1). Suppose 5*k = 6*l - 2*l + 237, -k = 5*l - 30. Calculate the highest common factor of v and k.
15
Suppose -h + 2*o + 6 = 4*o, -5*h + 38 = 2*o. Let p be 0/(3/3*-1). Suppose 4*i + 127 - 479 = p. Calculate the highest common factor of i and h.
8
Suppose 0 = -3*o - 0*o + 9. Suppose -6 = -2*x + 3*x. Let d be 7/o + x/(-9). What is the greatest common divisor of d and 3?
3
Let h be (-9 - 1/(-1)) + 2. Let y be (-16)/h + 2/(-3). Suppose -y*w + l + 6 = 0, 4*l - l - 6 = -2*w. Calculate the highest common divisor of w and 9.
3
Suppose 0 = 3*s - 5*k - 28, -4*k - 14 = 6. Let j = 287 - 282. What is the highest common factor of j and s?
1
Let f be 36/(-15)*(-380)/6. Calculate the highest common factor of f and 38.
38
Suppose 0 = -3*t - t + 40. Calculate the greatest common factor of t and 20.
10
Let c be (2 - -1 - 3) + -28. Let f = 39 + c. What is the highest common divisor of 77 and f?
11
Let g be (-4)/6 - 2/6. Let p be 47*(-4 - -1)*1. Let u = g - p. Calculate the highest common factor of 14 and u.
14
Suppose 5*g + 10 = 0, 2*g = -0*m - 3*m + 23. Let t be ((-198)/(-4))/(1/2). What is the greatest common divisor of m and t?
9
Let c(o) = -o**2 - o + 73. Let x be c(0). Suppose 3*j = -a - 417 - x, 0 = j + 3*a + 166. Let g = -94 - j. What is the highest common divisor of 23 and g?
23
Suppose 5*a + 4*g + g = 50, -4*a + 72 = -4*g. Calculate the greatest common divisor of 28 and a.
14
Let a(l) = 161*l**3 + l**2. Let h be a(1). Let m(p) = -p**3 - 2*p**2 - 4*p - 3. Let x be m(-3). What is the highest common factor of h and x?
18
Let i be 50/(-175) - 86/(-7). What is the highest common divisor of 12 and i?
12
Suppose -21 = 2*q - 5*i, 2*q - 3*q - 12 = -3*i. Suppose 3 = 3*y - 6. Let p be 0/y + (-45)/q. What is the highest common divisor of p and 15?
15
Let y(q) = -2*q + 0*q + 0*q - 1. Let n be (-18)/